{"id":3930,"date":"2024-02-24T22:01:37","date_gmt":"2024-02-24T22:01:37","guid":{"rendered":"https:\/\/www.vercors-en-vert.fr\/?page_id=3930"},"modified":"2025-03-27T15:29:44","modified_gmt":"2025-03-27T15:29:44","slug":"produits-regionaux","status":"publish","type":"page","link":"https:\/\/vercors-en-vert.fr\/?page_id=3930","title":{"rendered":"Produits r\u00e9gionaux"},"content":{"rendered":"<h5>Je vous propose des produits r\u00e9gionaux au sein de mon \u00e9tablissement .<\/h5>\n<p>Miel de mes ruches,<\/p>\n<p>Hydromels (boisson ferment\u00e9e \u00e0 base de miel),<\/p>\n<p>Hypocraces (vin m\u00e9di\u00e9val au miel),<\/p>\n<p>Pains d&rsquo;\u00e9pices,<\/p>\n<p>Noix,<\/p>\n<p>Huile de noix bio,<\/p>\n<p>Vin de noix,<\/p>\n<p>Cerneaux de noix grill\u00e9s au curry,<\/p>\n<p>P\u00e2te a tartin\u00e9e chocolat \/ noix,<\/p>\n<p>&#8230;<\/p>\n","protected":false},"excerpt":{"rendered":"<p>Je vous propose des produits r\u00e9gionaux au sein de mon \u00e9tablissement . Miel de mes ruches, Hydromels (boisson ferment\u00e9e \u00e0 base de miel), Hypocraces (vin m\u00e9di\u00e9val au miel), Pains d&rsquo;\u00e9pices, [&hellip;]<\/p>\n","protected":false},"author":3,"featured_media":0,"parent":0,"menu_order":0,"comment_status":"closed","ping_status":"closed","template":"","meta":{"_crdt_document":"","footnotes":""},"class_list":["post-3930","page","type-page","status-publish","hentry",null],"_links":{"self":[{"href":"https:\/\/vercors-en-vert.fr\/index.php?rest_route=\/wp\/v2\/pages\/3930","targetHints":{"allow":["GET"]}}],"collection":[{"href":"https:\/\/vercors-en-vert.fr\/index.php?rest_route=\/wp\/v2\/pages"}],"about":[{"href":"https:\/\/vercors-en-vert.fr\/index.php?rest_route=\/wp\/v2\/types\/page"}],"author":[{"embeddable":true,"href":"https:\/\/vercors-en-vert.fr\/index.php?rest_route=\/wp\/v2\/users\/3"}],"replies":[{"embeddable":true,"href":"https:\/\/vercors-en-vert.fr\/index.php?rest_route=%2Fwp%2Fv2%2Fcomments&post=3930"}],"version-history":[{"count":9,"href":"https:\/\/vercors-en-vert.fr\/index.php?rest_route=\/wp\/v2\/pages\/3930\/revisions"}],"predecessor-version":[{"id":4584,"href":"https:\/\/vercors-en-vert.fr\/index.php?rest_route=\/wp\/v2\/pages\/3930\/revisions\/4584"}],"wp:attachment":[{"href":"https:\/\/vercors-en-vert.fr\/index.php?rest_route=%2Fwp%2Fv2%2Fmedia&parent=3930"}],"curies":[{"name":"wp","href":"https:\/\/api.w.org\/{rel}","templated":true}]}}

Produits régionaux

<h5>Je vous propose des produits régionaux au sein de mon établissement .</h5>
<p>Miel de mes ruches,</p>
<p>Hydromels (boisson fermentée à base de miel),</p>
<p>Hypocraces (vin médiéval au miel),</p>
<p>Pains d&rsquo;épices,</p>
<p>Noix,</p>
<p>Huile de noix bio,</p>
<p>Vin de noix,</p>
<p>Cerneaux de noix grillés au curry,</p>
<p>Pâte a tartinée chocolat / noix,</p>
<p>&#8230;</p>

<p>Je vous propose des produits régionaux au sein de mon établissement . Miel de mes ruches, Hydromels (boisson fermentée à base de miel), Hypocraces (vin médiéval au miel), Pains d&rsquo;épices, [&hellip;]</p>
