{"id":3399,"date":"2020-07-16T16:17:15","date_gmt":"2020-07-16T14:17:15","guid":{"rendered":"https:\/\/www.valloire-galibier.fr\/?page_id=3399"},"modified":"2025-03-27T15:32:16","modified_gmt":"2025-03-27T15:32:16","slug":"tarifs","status":"publish","type":"page","link":"https:\/\/vercors-en-vert.fr\/?page_id=3399","title":{"rendered":"Disponibilit\u00e9s, tarifs et r\u00e9servations"},"content":{"rendered":"<ul>\n<li style=\"list-style-type: none;\">\n<ul>\n<li>Le co\u00fbt de la nuit\u00e9e est \u00e0 partir de 71 euros pour 1 chambre de 2 personnes.<\/li>\n<li>Un petit d\u00e9jeuner peut \u00eatre r\u00e9serv\u00e9 . Th\u00e9 ou Caf\u00e9, 1 baguette, 1 croissant, miel maison et confitures maison, fromage, jambon, fruits de saison. Le prix est de 12 Euros par personne.<\/li>\n<\/ul>\n<\/li>\n<\/ul>\n<p>Disponibilit\u00e9s et r\u00e9servation en ligne :<\/p>\n<p><script type=\"text\/javascript\" src=\"\/\/gadget.open-system.fr\/widgets-libs\/rel\/noyau-1.0.min.js\"><\/script>\r\n<script type=\"text\/javascript\">\r\n( function() {\r\n\tvar widgetProduit = AllianceReseaux.Widget.Instance( \"Produit\", { idPanier:\"sN-xsLA\", idIntegration:1242, langue:\"fr\", ui:\"OSMB-63405\" } );\r\n\twidgetProduit.Initialise();\r\n})();\r\n<\/script>\r\n\r\n<div id=\"widget-produit-OSMB-63405\"><\/div><\/p>\n","protected":false},"excerpt":{"rendered":"<p>Le co\u00fbt de la nuit\u00e9e est \u00e0 partir de 71 euros pour 1 chambre de 2 personnes. Un petit d\u00e9jeuner peut \u00eatre r\u00e9serv\u00e9 . Th\u00e9 ou Caf\u00e9, 1 baguette, 1 [&hellip;]<\/p>\n","protected":false},"author":1,"featured_media":0,"parent":0,"menu_order":0,"comment_status":"closed","ping_status":"closed","template":"","meta":{"_crdt_document":"","footnotes":""},"class_list":["post-3399","page","type-page","status-publish","hentry",null],"_links":{"self":[{"href":"https:\/\/vercors-en-vert.fr\/index.php?rest_route=\/wp\/v2\/pages\/3399","targetHints":{"allow":["GET"]}}],"collection":[{"href":"https:\/\/vercors-en-vert.fr\/index.php?rest_route=\/wp\/v2\/pages"}],"about":[{"href":"https:\/\/vercors-en-vert.fr\/index.php?rest_route=\/wp\/v2\/types\/page"}],"author":[{"embeddable":true,"href":"https:\/\/vercors-en-vert.fr\/index.php?rest_route=\/wp\/v2\/users\/1"}],"replies":[{"embeddable":true,"href":"https:\/\/vercors-en-vert.fr\/index.php?rest_route=%2Fwp%2Fv2%2Fcomments&post=3399"}],"version-history":[{"count":16,"href":"https:\/\/vercors-en-vert.fr\/index.php?rest_route=\/wp\/v2\/pages\/3399\/revisions"}],"predecessor-version":[{"id":4586,"href":"https:\/\/vercors-en-vert.fr\/index.php?rest_route=\/wp\/v2\/pages\/3399\/revisions\/4586"}],"wp:attachment":[{"href":"https:\/\/vercors-en-vert.fr\/index.php?rest_route=%2Fwp%2Fv2%2Fmedia&parent=3399"}],"curies":[{"name":"wp","href":"https:\/\/api.w.org\/{rel}","templated":true}]}}